 - w. Calculate z(-2).
2
Let x(i) = -22*i - 687. Give x(-31).
-5
Let q(k) = -5*k - 120. Determine q(-25).
5
Let j(t) = -13*t + 70. Determine j(5).
5
Let s(k) = -3*k + 59. What is s(16)?
11
Let d(u) = 6*u**3 - 2*u**2 - 2*u + 2. Give d(2).
38
Let s(b) = -b**2 - 4*b + 6. Give s(-4).
6
Let y(x) = x**3 + 2*x**2 + 3*x - 2. Calculate y(-3).
-20
Let a(f) = -f**3 + 43*f + 2. Give a(-7).
44
Let x(b) = -46*b - 136. Calculate x(-3).
2
Let s(n) = -n**2 + 9*n + 4. Calculate s(15).
-86
Let x(v) = -10*v - 8. Determine x(-6).
52
Let g(c) = c**3 - 4*c**2 - 4*c - 27. Calculate g(7).
92
Let m(k) = k**2 - 27*k - 9. Give m(25).
-59
Let u(p) = -2*p. What is u(6)?
-12
Let r(p) = 14*p - 125. Calculate r(9).
1
Let m(u) = 4*u**3 - u + 1. Calculate m(1).
4
Let b(v) = -4*v + 5. Calculate b(-9).
41
Let d(w) = -6*w - 77. Calculate d(-15).
13
Let m(f) = f**2 - 9*f + 7. What is m(5)?
-13
Let z(h) = 65*h**2 - 2*h. Calculate z(1).
63
Let p(y) = 2*y - 26. Calculate p(-8).
-42
Let w(j) = -j**3 - 15*j**2 - 2*j + 33. What is w(-14)?
-135
Let v(n) = -n**3 + 6*n**2 - 2*n + 3. Calculate v(6).
-9
Let h(p) = -26*p**3 - p**2 - 2*p - 1. Give h(-1).
26
Let o(a) = -3*a**2 - 3*a + 5. Give o(2).
-13
Let d(i) = i + 44. Give d(-21).
23
Let r(b) = -b + 17. What is r(0)?
17
Let c(t) = t**3 + 5*t**2 + 8*t + 6. Give c(-5).
-34
Let s(n) = 2*n**2 - 3. Calculate s(3).
15
Let r(t) = -9*t**2 - 4*t - 18. What is r(-3)?
-87
Let o(x) = 2*x**2 - 20*x + 1. What is o(10)?
1
Let v(a) = -a**3 - a**2 + a - 8. Give v(0).
-8
Let o(v) = -2*v + 11. Determine o(17).
-23
Let s(u) = u + 10. Calculate s(10).
20
Let f(j) = j**3 + 3*j**2 + 4*j + 4. Give f(-3).
-8
Let t(r) = r**2 - 6*r + 10. Give t(8).
26
Let s(h) = -6*h + 38. What is s(7)?
-4
Let s(n) = 3*n**3 + 2*n + 1. Determine s(-1).
-4
Let p(n) = n**2 + 20*n - 11. Calculate p(-20).
-11
Let w(p) = 93*p - 845. Determine w(9).
-8
Let h(k) = -2*k**2 + 12*k - 22. What is h(2)?
-6
Let k(i) = i**2 + 14*i + 6. Calculate k(-11).
-27
Let w(x) = x + 6. Determine w(22).
28
Let u(l) = 4*l + 8. Give u(6).
32
Let l(a) = -a**3 + 10*a**2 - 17*a - 20. Give l(7).
8
Let s(y) = -y**2 + 8*y - 5. Give s(4).
11
Let i(f) = 3*f - 29. What is i(10)?
1
Let d(r) = -2*r**3 + 32*r**2 - r - 25. What is d(16)?
-41
Let v(x) = 17*x + 35. What is v(-2)?
1
Let o(g) = -4*g - 18. Calculate o(7).
-46
Let s(i) = 4*i + 22. Give s(-8).
-10
Let h(t) = 6*t**2 + t + 1. What is h(2)?
27
Let h(s) = s**3 + 5*s**2 + 7*s + 32. Determine h(-5).
-3
Let g(z) = -z + 5. Calculate g(-13).
18
Let g(s) = -s**2 + 6*s - 7. Calculate g(6).
-7
Let c(d) = -d**2 + 17*d - 11. What is c(11)?
55
Let c(n) = 11*n - 13. Give c(-8).
-101
Let x(d) = -d**3 - 7*d**2 + 8*d - 11. Determine x(-8).
-11
Let u(a) = -a**3 + 6*a**2 + 18*a - 25. Give u(8).
-9
Let l(p) = -p**3 - 8*p**2 - p - 14. Give l(-8).
-6
Let c(m) = -m**2 - 14*m + 13. Determine c(-16).
-19
Let k(l) = l + 9. Give k(-8).
1
Let b(n) = 20*n - 217. Calculate b(13).
43
Let y(z) = -3*z + 2. Give y(1).
-1
Let w(b) = -b**2 + 8*b + 9. Determine w(9).
0
Let h(i) = i**3 + 23*i**2 + 25*i + 13. Determine h(-22).
-53
Let f(g) = -g - 6. What is f(-3)?
-3
Let t(y) = 5*y + 31. What is t(-7)?
-4
Let f(t) = 8*t - 59. Calculate f(6).
-11
Let c(w) = -8*w**3. Determine c(-1).
8
Let p(n) = -n**2 + 6*n + 5. What is p(-4)?
-35
Let x(g) = 3*g - 13. What is x(5)?
2
Let o(l) = 5*l - 71. What is o(19)?
24
Let q(v) = 12*v + 7. Give q(5).
67
Let o(c) = -c**3 + 14*c**2 - 13*c - 15. Determine o(13).
-15
Let s(d) = d**2 - 3*d - 5. Calculate s(5).
5
Let w(f) = f**3 + 39*f**2 - f - 32. Calculate w(-39).
7
Let r(y) = 50*y - 20. What is r(1)?
30
Let u(y) = y**2 + 34*y - 117. What is u(-37)?
-6
Let q(p) = 3*p - 2. What is q(-15)?
-47
Let o(q) = -2*q**3 - q - 7. Calculate o(-2).
11
Let k(l) = -l**3 + 5*l**2 + 3*l. Calculate k(4).
28
Let i(s) = -s**2 - 9*s - 5. What is i(-3)?
13
Let n(u) = -u**3 + 5*u**2 + u - 8. Calculate n(5).
-3
Let h(x) = 4*x - 23. Give h(8).
9
Let t(m) = 10*m**2 - 33*m + 7. What is t(3)?
-2
Let f(a) = 3*a + 35. Give f(-12).
-1
Let h(f) = -f**2 - f - 4. What is h(-7)?
-46
Let y(x) = -x**2 - 13*x - 26. Give y(-12).
-14
Let a(f) = 5*f + 5. Calculate a(1).
10
Let b(o) = o**2 + 6*o + 5. Give b(-3).
-4
Let d(c) = 23*c + 344. Give d(-15).
-1
Let x(a) = -4*a - 16. Give x(-6).
8
Let i(d) = -d**3 + 25*d**2 + 84*d - 10. Determine i(28).
-10
Let h(j) = 2*j**3 - 4*j**2 + 3*j - 1. What is h(4)?
75
Let s(p) = -p**2 + 10*p - 1. Give s(5).
24
Let c(s) = s**3 - 9*s**2 + 2*s + 33. What is c(8)?
-15
Let w(o) = -o**3 - 7*o**2 + 7*o - 10. Give w(-8).
-2
Let h(g) = -g**3 - 12*g**2 - 10*g + 1. What is h(-11)?
-10
Let w(l) = 2*l**2 - 2*l - 16. What is w(-2)?
-4
Let y(h) = -5*h + 105. Give y(22).
-5
Let p(i) = i**3 + 3*i**2 - 3*i - 10. Give p(-4).
-14
Let w(j) = -j**3 - 4*j**2 + 2*j + 8. What is w(-3)?
-7
Let q(o) = -o**3 + 8*o**2 - 19*o + 1. Give q(6).
-41
Let v(n) = n**3 - 13*n**2 + 18*n + 25. Calculate v(11).
-19
Let z(q) = -q + 2. Give z(-14).
16
Let u(g) = -g**3 - 8*g**2 + 10*g - 2. Calculate u(-9).
-11
Let a(d) = -d**3 - 6*d**2 + 5. Give a(-5).
-20
Let x(r) = 7*r + 3. What is x(-4)?
-25
Let q(l) = -7*l**3 + 3*l**2 - l - 2. Calculate q(2).
-48
Let u(w) = -13*w**3 + 2*w**2 + w + 1. Determine u(-2).
111
Let s(p) = 5*p + 13. Give s(-4).
-7
Let n(u) = 8*u + 5. Determine n(6).
53
Let z(c) = -8*c + 96. Calculate z(12).
0
Let o(v) = -v**3 - 19*v**2 - v - 16. What is o(-19)?
3
Let h(z) = -z**3 + 6*z**2 - 5*z - 7. What is h(4)?
5
Let j(i) = -110*i + 657. Give j(6).
-3
Let c(x) = -x**2 + 3*x + 21. What is c(6)?
3
Let c(r) = -r**2 - 13*r - 24. Determine c(-11).
-2
Let k(x) = x**3 - 8*x**2 + 5*x - 48. Determine k(8).
-8
Let n(q) = 44*q - 37. Determine n(1).
7
Let p(a) = -5*a. Determine p(3).
-15
Let f(h) = h**3 - 9*h**2 + 7*h + 10. Give f(8).
2
Let a(k) = -k**2 - 8*k + 24. Calculate a(2).
4
Let r(j) = -j**3 - 15*j**2 + 2. Give r(-15).
2
Let i(c) = -c**2 - 2*c - 4. Determine i(-4).
-12
Let h(t) = 5*t**3. Give h(-1).
-5
Let n(c) = 2*c**3 + 10*c**2 + 4*c + 12. Give n(-4).
28
Let y(j) = -j - 10. Give y(-15).
5
Let j(z) = -z**3 + 5*z**2 + 2*z - 5. What is j(5)?
5
Let b(x) = -2*x**2 + 14*x + 346. Determine b(-10).
6
Let h(f) = f**3 + 3*f**2 - 7*f - 7. Calculate h(-4).
5
Let v(x) = x + 1. Calculate v(9).
10
Let w(y) = -3*y**2 + 58*y + 176. Calculate w(22).
0
Let x(a) = -5*a - 21. Calculate x(4).
-41
Let v(j) = j**3 + j**2 + 4*j - 5. What is v(-4)?
-69
Let h(w) = -w**3 - 2*w**2 + 7*w - 7. Calculate h(2).
-9
Let z(q) = 3*q - 5. Give z(2).
1
Let q(o) = 14*o + 9. Calculate q(-1).
-5
Let y(b) = b**2 - 3*b - 5. Give y(9).
49
Let t(p) = -4*p**2 + 21*p + 5. Calculate t(5).
10
Let r(l) = l**2 + 6*l - 4. What is r(0)?
-4
Let s(m) = 2*m**2 - 8*m - 9. What is s(-4)?
55
Let b(h) = -h**3 + 6*h**2 + 3*h + 13. Give b(6).
31
Let a(j) = -j**3 + 9*j**2 + 4*j + 14. Calculate a(9).
50
Let r(h) = -h**2 - 16*h - 42. What is r(-14)?
-14
Let p(c) = 3*c**2 + 2*c + 2. What is p(-2)?
10
Let p(r) = -15*r**2 + 4*r - 15. Determine p(3).
-138
Let g(s) = s - 3. Calculate g(5).
2
Let l(r) = -r**2 - 12*r - 14. Give l(-12).
-14
Let b(s) = 3*s**3 + 7*s**2 + 3*s - 4. Calculate b(-2).
-6
Let y(s) = -s**3 - 21*s**2 + 11*s - 233. Calculate y(-22).
9
Let b(r) = -r**3 + 17*r**2 + 45*r - 140. What is b(19)?
-7
Let g(l) = l**3 + 18*l**2 - 62*l + 22. Calculate g(-21).
1
Let d(i) = -6*i + 45. Calculate d(8).
-3
Let r(v) = -5*v**3 - v**2 - 3*v + 2. Determine r(1).
-7
Let i(j) = -2*j**3 + 35*j**2 - 16*j - 11. Calculate i(17).
6
Let c(r) = r**3 - 7*r**2 + 2*r + 8. Determine c(6).
-16
Let l(x) = x**2 - 14*x + 6. Determine l(8).
-42
Let b(l) = -l + 2. Calculate b(10).
-8
Let z(w) = -5*w**2 + w - 3. Calculate z(2).
-21
Let d(t) = t**3 + 11*t**2 + 18. What is d(-11)?
18
Let w(o) = -9*o - 109. Calculate w(-12).
-1
Let v(a) = -2*a + 15. Give v(-5).
25
Let v(r) = -3*r + 11. What is v(19)?
-46
Let t(i) = -16*i - 87. Determine t(-6).
9
Let m(i) = -i**3 + 14*i**2 + 2*i - 29. Determine m(14).
-1
Let h(m) = m**2 + 7*m - 8. What is h(-8)?
0
Let j(f) = f**3 - 5*f**2 + 3*f + 5. What is j(4)?
1
Let y(t) = t**2 + 34*t + 10. Determine y(-34).
10
Let m(v) = v + 9. What is m(-2)?
7
Let r(v) = -10*v - 23. Determine r(-9).
67
Let p(d) = 2*d**3 + 3*d**2 - 1. Calculate p(1).
4
Let z(n) = -n**2 + 34*n - 146. Calculate z(29).
-1
Let x(n) = 23*n - 759. Determine x(33).
0
Let m(l) = l**3 - l**2 + 2*l - 20. Wh